he units digit of l?
5
Let m be (1/2)/(2/192). Let d = 219 + -150. Let i = d - m. What is the units digit of i?
1
Let n be ((-12)/9 - -2)*-3. What is the units digit of 1/n*212/(-2)?
3
Let q = 1127 + -444. Suppose 14*f = 241 + q. What is the units digit of f?
6
Let b be (-426)/(-2 - 1)*(-2)/(-4). Suppose -b = m - 167. What is the units digit of m?
6
Let d(u) = -167*u - 1281. What is the units digit of d(-45)?
4
What is the hundreds digit of 0 + -4 - (-1448 - 90/(-6))?
4
Suppose 0 = 4*l - 5*s + 375, 0*s - s - 205 = 2*l. Let t = l + 142. What is the tens digit of t?
4
Let l = 13 - 9. Suppose c - 40 = -f - 5, f = -l*c + 35. What is the units digit of f?
5
Suppose 12 = -3*z, -i + 1116 = 2*z + z. What is the hundreds digit of i?
1
Suppose 0 = -6*r + 43 + 11. Suppose -3*p = -w + 92, -3*w - 4*p + 272 = -r*p. What is the units digit of w?
9
What is the tens digit of (0 - -1) + (124 - 78)?
4
Suppose -w + 3*f - 11 = -33, -2*f = -w + 20. Suppose 5*m = -w + 321. What is the units digit of m?
1
Let w be 246/((-4)/2 + 45/15). Let x = -169 + w. What is the tens digit of x?
7
Suppose 0 = -2*q - 5*x + 314, 0*x = q - 3*x - 179. Suppose -3*y = -4*o + q, -2*o + 5*y = -o - 63. What is the units digit of o?
8
Let j = -2 - -4. Suppose 0 = j*k + 3 + 3. Let d = k - -15. What is the units digit of d?
2
Suppose 14*o = 15*o + 88. Let k = -73 - o. What is the units digit of k?
5
Suppose 9*z - 1308 = -444. Suppose z*d = 99*d - 270. What is the units digit of d?
0
Let n = -21 - -27. Suppose 21 = o - n*f + 2*f, 4*o - 102 = -2*f. What is the tens digit of o?
2
Let y be (-213)/6 + (-2)/(-4). Let x = 60 + y. What is the tens digit of x?
2
Suppose -5*w + 2*d + 0*d = -36, -5*d - 6 = -2*w. Suppose -4*f = -856 + w. What is the hundreds digit of f?
2
What is the tens digit of 148/(-4)*(6 + -7)*1?
3
Suppose -9 = -10*u + 11*u. Let y(c) = -c**2 - 12*c + 1. What is the tens digit of y(u)?
2
Let i be (-3)/9 - 98/(-6). Suppose -18*j = -i*j - 118. What is the tens digit of j?
5
Suppose -2*p + b = -4, -2*b - 10 = -2*p - 2. Suppose -2*y - z = -p*y - 59, -4*y = -5*z - 153. What is the units digit of y?
2
What is the hundreds digit of 6 + (0 - -7 - (-1 + -2699))?
7
Let k(a) = -5*a**2 + 5*a + 9. Let i(v) be the second derivative of v**4/4 - v**3/3 - 2*v**2 + v. Let x(q) = 11*i(q) + 6*k(q). What is the tens digit of x(-5)?
4
Let o = 38 + -42. What is the hundreds digit of (1 + o)*-1 + 544/4?
1
Let i = 19 + -25. Let w(r) = -5*r + 18. What is the units digit of w(i)?
8
Let m(y) = y**3 + 15*y**2 - 19*y. Let b be m(-16). Let r = b - -19. What is the tens digit of r?
6
Let v = 4 + 3. Suppose -v*d = -2*d. Suppose d = -6*i + 8*i - 60. What is the units digit of i?
0
Suppose 0 = -20*r - 37*r + 189012. What is the thousands digit of r?
3
Let r be ((-2)/5)/(9/810). Let w = 38 + r. Suppose -2*k + 10 = -w*t, -t + 0 = -4*k + 29. What is the units digit of k?
8
Let h = -11 + 15. Suppose 0 = -x + h*x - 99. What is the tens digit of x?
3
Let k(s) = 2*s - 4*s**3 + 5*s**3 - 2*s**3 + 62 - 4*s. What is the units digit of k(0)?
2
Let w be ((-16)/(-4) + -4)/(1/(-1)). Let r(f) = f**2 - 2*f + 16 + 3*f + 4. What is the tens digit of r(w)?
2
Suppose 21 = -4*w + 1. Let a be 3/w + 764/(-10). Let j = a + 109. What is the tens digit of j?
3
Let w be 912/13 - (-10)/(-65). Suppose -8*t = -3*t + w. What is the tens digit of (t/(-6))/((-6)/(-90))?
3
Let c(b) = b**2 - 9*b + 54. What is the units digit of c(12)?
0
Let c(i) be the third derivative of i**4/24 - i**3 + 5*i**2. Let j be c(13). What is the units digit of (-3)/(j/5 + -2)?
5
Suppose 2*o + 86 = 1562. What is the tens digit of o?
3
Let g(b) be the third derivative of 73*b**5/30 - b**4/12 + b**3/6 - 29*b**2. What is the units digit of g(-1)?
9
Let m(i) = 7*i + 45. Let s(a) = 3*a + 23. Let w(y) = -2*m(y) + 5*s(y). What is the tens digit of w(7)?
3
Let l(n) = -n**2 - 2*n + 5. Let d be l(-3). Suppose -3*w - d*w = -2*f + 18, -f + w + 6 = 0. Let x = f - -24. What is the tens digit of x?
2
Let p = -1387 - -1982. What is the tens digit of p?
9
Let c = -3 - 27. Let s = c - -165. What is the hundreds digit of s?
1
What is the tens digit of (5 + -3)*2480/32?
5
Let b = 327 + -471. Let a be ((-4)/(-3))/((-4)/b). What is the tens digit of (-1)/(4/(-2))*a?
2
Let b(t) be the second derivative of 6*t**3 - 11*t**2/2 - 29*t. What is the units digit of b(3)?
7
Suppose 487 = -6*d + 73. What is the units digit of ((d/5)/(-1))/((-5)/(-75))?
7
Suppose d - 4*k - 1154 = 0, 0 = 57*d - 62*d + k + 5808. What is the units digit of d?
2
Let u(b) = -b**3 + 5*b**2 - 5*b - 3. Let w be u(5). Let a = w - -11. Let q = 9 - a. What is the units digit of q?
6
Let a be (2 - 0) + 3*8/3. Suppose a*n + 62 - 1412 = 0. What is the units digit of n?
5
Suppose 734 = 10*f + 174. What is the tens digit of f?
5
Suppose -4*w - 4*c - 76 = 0, 0*c + 4*c = 5*w + 122. Let p be 6/4*w/(-11). What is the tens digit of (-63)/6*(-8)/p?
2
Let t = -6 + 11. Suppose -38 = -t*g + 2*h, 2*h - 24 + 6 = -2*g. Suppose 0 = 5*f + g - 58. What is the units digit of f?
0
Suppose 2*w + 2*w = 20. Suppose 5*b + 1872 = 13*b. Suppose -2*a = -d + 20, w*d + 74 = -2*a + b. What is the units digit of d?
0
Suppose 4*m = -30 + 658. What is the tens digit of m?
5
Let x(r) = r**3 - r**2 + r + 403. Let c be x(0). Suppose -4*b - c = -1051. Suppose 5*y = 2*g + b, -7*g = -3*y - 3*g + 86. What is the tens digit of y?
3
Let u = -138 - -126. Let v(j) = -j**3 - 13*j**2 - 17*j + 2. What is the tens digit of v(u)?
6
Let q = -22 + 34. Let z = -12 + q. Suppose z = 2*c + u - 28, 0*c - u + 60 = 4*c. What is the tens digit of c?
1
Suppose 40802 = 51*u - 12544. What is the units digit of u?
6
Suppose 4*p - 824 = 2*p. Suppose 4*l = -4*b + p, 3*b + 132 = 2*l - 59. What is the hundreds digit of l?
1
Suppose d + 7 = 2, -3*d - 47 = 4*v. Let a = 0 - v. What is the units digit of 30/(2*4/a)?
0
Let z(b) = -b**3 - 4*b**2 - 3*b - 1. Let n be z(-8). Suppose 0 = 2*m - 5*m + n. What is the units digit of m?
3
Suppose h + 6 = 2*w, -3*h + 10 = -4*w + 5*w. Let v(q) = w - 10 - q + 1 + 6. What is the units digit of v(-1)?
2
Let m = 383 - -1447. What is the thousands digit of m?
1
Let g(j) = -3*j + 3 - 3 + 6*j. What is the tens digit of g(22)?
6
Suppose 3*z = -z + q + 7, 3*z - 18 = 5*q. Let i(w) = 3*w + 1. Let x be i(z). Suppose b - a - 122 = -b, -x*a = 3*b - 172. What is the tens digit of b?
6
Let l(m) = -14*m**3 - 4*m**2 + 12*m + 26. What is the units digit of l(-5)?
6
Let y be 113 + 3 + -4 + 3. Let p = -48 + y. What is the tens digit of p?
6
Let m = -44 - -4. Let t = m - -83. What is the tens digit of t?
4
Let k = -162 - -208. Let j = 94 - k. What is the tens digit of j?
4
Suppose 12 = -7*q + 6*q + 4*d, -5*q + 32 = 3*d. Let h(f) = 5 + f**3 - 5 - 2*f + 6 - 2*f**2. What is the units digit of h(q)?
0
Let t be 2/(-2*(-2)/8). Suppose 5*j - 23 + 133 = 5*g, -t*j = 3*g - 31. Suppose 0 = -0*c + c - g. What is the units digit of c?
7
Let d = -29 + 10. Let n = d + 32. Suppose 0 = -k - n + 49. What is the tens digit of k?
3
Let p(t) = t**3 + 24*t**2 - 26*t - 14. Let b be p(-25). Suppose b*o - 10*o - 50 = 0. What is the tens digit of o?
5
Let m(l) = -l**2 + 13*l - 9. Let x(q) = 18*q + 10. Let h be x(-5). Let n be ((-288)/h)/((-6)/(-20)). What is the units digit of m(n)?
3
What is the units digit of 48/(-120) + 4507/5?
1
Let q = 25 - 45. Let y be (-4)/q + (-24)/(-5). Let x = 16 - y. What is the tens digit of x?
1
What is the tens digit of 42*((-6)/(-54) + (-3288)/(-54))?
6
Let i(l) = 0*l + 8*l**3 + 5*l - 2*l + 0*l**2 - 4*l**2. Let d be i(2). What is the units digit of (-407)/(-9) + (-12)/d?
5
Let l(c) = -2*c - 14. Let m be l(-11). Suppose -4*g + m = -4*d, 0 = -6*d + 3*d + 9. Suppose -10 = g*z - 35. What is the units digit of z?
5
Let o = -58 + 63. Let w(u) = 0*u**3 + u**3 - 4*u**2 + 3*u - 7*u - 4. What is the units digit of w(o)?
1
Let o = 35 + -22. Let k = 15 + -26. Let x = o + k. What is the units digit of x?
2
Let y = 6 - 2. Let a = y - 34. What is the tens digit of (-96)/a*1*5?
1
Suppose 3*m = -104 + 239. What is the tens digit of m?
4
Suppose 4*f = 3*q + 31, -4*f - 3 - 6 = 5*q. Let w be ((-2)/f)/((-2)/12). Suppose 2*i = -5*p + 72, 7*i = -w*p + 2*i + 47. What is the tens digit of p?
1
What is the units digit of (5 + 0 + -6)*477/(-1)?
7
Suppose 0 = s + 7*s - 264. Let c = s - 2. Let i = -14 + c. Wh